when 1042 is divided by 69.
7
What is the remainder when 395 is divided by 40?
35
Calculate the remainder when 1005 is divided by 28.
25
Calculate the remainder when 3915 is divided by 8.
3
What is the remainder when 116 is divided by 13?
12
Calculate the remainder when 2673 is divided by 49.
27
What is the remainder when 2114 is divided by 101?
94
Calculate the remainder when 40 is divided by 24.
16
Calculate the remainder when 508 is divided by 173.
162
Calculate the remainder when 388 is divided by 37.
18
Calculate the remainder when 161 is divided by 63.
35
What is the remainder when 75 is divided by 36?
3
Calculate the remainder when 207 is divided by 20.
7
What is the remainder when 547 is divided by 10?
7
Calculate the remainder when 105 is divided by 14.
7
What is the remainder when 60 is divided by 32?
28
Calculate the remainder when 110 is divided by 56.
54
Calculate the remainder when 1844 is divided by 22.
18
What is the remainder when 130 is divided by 12?
10
What is the remainder when 239 is divided by 56?
15
Calculate the remainder when 103 is divided by 21.
19
What is the remainder when 203 is divided by 6?
5
Calculate the remainder when 108 is divided by 20.
8
What is the remainder when 138 is divided by 34?
2
Calculate the remainder when 42 is divided by 12.
6
Calculate the remainder when 165 is divided by 80.
5
Calculate the remainder when 334 is divided by 67.
66
Calculate the remainder when 216 is divided by 74.
68
What is the remainder when 28 is divided by 13?
2
What is the remainder when 66 is divided by 17?
15
What is the remainder when 724 is divided by 703?
21
Calculate the remainder when 56 is divided by 39.
17
Calculate the remainder when 29759 is divided by 60.
59
What is the remainder when 55 is divided by 49?
6
Calculate the remainder when 554 is divided by 66.
26
Calculate the remainder when 419 is divided by 35.
34
What is the remainder when 227 is divided by 43?
12
What is the remainder when 162 is divided by 26?
6
Calculate the remainder when 74 is divided by 11.
8
Calculate the remainder when 146 is divided by 97.
49
Calculate the remainder when 1038 is divided by 80.
78
What is the remainder when 479 is divided by 140?
59
What is the remainder when 3849 is divided by 154?
153
What is the remainder when 254 is divided by 32?
30
What is the remainder when 798 is divided by 4?
2
Calculate the remainder when 132 is divided by 72.
60
Calculate the remainder when 1079 is divided by 89.
11
What is the remainder when 214 is divided by 194?
20
Calculate the remainder when 340 is divided by 104.
28
Calculate the remainder when 151 is divided by 22.
19
Calculate the remainder when 613 is divided by 162.
127
Calculate the remainder when 417 is divided by 65.
27
What is the remainder when 709 is divided by 71?
70
Calculate the remainder when 895 is divided by 166.
65
What is the remainder when 910 is divided by 16?
14
What is the remainder when 267 is divided by 87?
6
Calculate the remainder when 12 is divided by 11.
1
What is the remainder when 855 is divided by 98?
71
Calculate the remainder when 27 is divided by 4.
3
Calculate the remainder when 249 is divided by 68.
45
What is the remainder when 3262 is divided by 11?
6
What is the remainder when 886 is divided by 24?
22
Calculate the remainder when 218 is divided by 5.
3
Calculate the remainder when 876 is divided by 129.
102
Calculate the remainder when 271 is divided by 16.
15
Calculate the remainder when 146 is divided by 85.
61
What is the remainder when 197 is divided by 59?
20
What is the remainder when 1949 is divided by 35?
24
Calculate the remainder when 74 is divided by 13.
9
Calculate the remainder when 343 is divided by 69.
67
What is the remainder when 508 is divided by 85?
83
Calculate the remainder when 95 is divided by 17.
10
What is the remainder when 995 is divided by 37?
33
Calculate the remainder when 237 is divided by 62.
51
What is the remainder when 318 is divided by 73?
26
What is the remainder when 2531 is divided by 504?
11
What is the remainder when 52 is divided by 32?
20
What is the remainder when 541 is divided by 175?
16
Calculate the remainder when 108 is divided by 31.
15
What is the remainder when 205 is divided by 8?
5
What is the remainder when 696 is divided by 192?
120
Calculate the remainder when 245 is divided by 26.
11
Calculate the remainder when 1583 is divided by 33.
32
What is the remainder when 399 is divided by 34?
25
Calculate the remainder when 2090 is divided by 35.
25
Calculate the remainder when 382 is divided by 213.
169
What is the remainder when 416 is divided by 37?
9
What is the remainder when 495 is divided by 62?
61
What is the remainder when 83 is divided by 18?
11
Calculate the remainder when 405 is divided by 216.
189
Calculate the remainder when 3874 is divided by 31.
30
What is the remainder when 250 is divided by 3?
1
Calculate the remainder when 238 is divided by 39.
4
Calculate the remainder when 128 is divided by 22.
18
Calculate the remainder when 189 is divided by 6.
3
What is the remainder when 44 is divided by 16?
12
What is the remainder when 3067 is divided by 279?
277
Calculate the remainder when 859 is divided by 14.
5
What is the remainder when 444 is divided by 157?
130
Calculate the remainder when 28 is divided by 11.
6
Calculate the remainder when 141 is divided by 7.
1
Calculate the remainder when 744 is divided by 34.
30
Calculate the remainder when 213 is divided by 37.
28
Calculate the remainder when 133 is divided by 39.
16
Calculate the remainder when 1023 is divided by 178.
133
What is the remainder when 138 is divided by 37?
27
What is the remainder when 260 is divided by 60?
20
What is the remainder when 203 is divided by 34?
33
What is the remainder when 3470 is divided by 89?
88
What is the remainder when 137 is divided by 42?
11
What is the remainder when 5550 is divided by 101?
96
Calculate the remainder when 253 is divided by 88.
77
What is the remainder when 844 is divided by 20?
4
Calculate the remainder when 4397 is divided by 100.
97
Calculate the remainder when 1071 is divided by 90.
81
Calculate the remainder when 1399 is divided by 14.
13
What is the remainder when 708 is divided by 35?
8
Calculate the remainder when 1029 is divided by 45.
39
Calculate the remainder when 482 is divided by 5.
2
Calculate the remainder when 184 is divided by 38.
32
Calculate the remainder when 224 is divided by 40.
24
What is the remainder when 686 is divided by 169?
10
What is the remainder when 19 is divided by 9?
1
Calculate the remainder when 438 is divided by 111.
105
What is the remainder when 7180 is divided by 114?
112
What is the remainder when 319 is divided by 79?
3
What is the remainder when 29 is divided by 3?
2
Calculate the remainder when 314 is divided by 135.
44
Calculate the remainder when 181 is divided by 65.
51
What is the remainder when 584 is divided by 98?
94
Calculate the remainder when 489 is divided by 29.
25
What is the remainder when 27 is divided by 20?
7
What is the remainder when 303 is divided by 10?
3
Calculate the remainder when 51 is divided by 22.
7
What is the remainder when 7349 is divided by 26?
17
What is the remainder when 1909 is divided by 633?
10
Calculate the remainder when 52 is divided by 9.
7
Calculate the remainder when 263 is divided by 34.
25
What is the remainder when 56 is divided by 21?
14
What is the remainder when 301 is divided by 29?
11
What is the remainder when 109 is divided by 11?
10
Calculate the remainder when 176 is divided by 43.
4
Calculate the remainder when 15 is divided by 2.
1
Calculate the remainder when 577 is divided by 48.
1
Calculate the remainder when 594 is divided by 14.
6
Calculate the remainder when 194 is divided by 36.
14
Calculate the remainder when 7006 is divided by 24.
22
Calculate the remainder when 386 is divided by 57.
44
What is the remainder when 71538 is divided by 49?
47
What is the remainder when 429 is divided by 87?
81
What is the remainder when 625 is divided by 81?
58
Calculate the remainder when 566 is divided by 3.
2
Calculate the remainder when 411 is divided by 16.
11
Calculate the remainder when 28557 is divided by 21.
18
What is the remainder when 438 is divided by 45?
33
Ca